usands digit of 2181224?
1
What is the tens digit of 174036?
3
What is the hundred thousands digit of 145804?
1
What is the hundred thousands digit of 282450?
2
What is the tens digit of 172410?
1
What is the thousands digit of 392468?
2
What is the units digit of 16191234?
4
What is the ten thousands digit of 1848756?
4
What is the thousands digit of 2626101?
6
What is the units digit of 3316?
6
What is the hundreds digit of 7941875?
8
What is the millions digit of 1814223?
1
What is the hundreds digit of 356392?
3
What is the millions digit of 1686403?
1
What is the ten thousands digit of 1504440?
0
What is the thousands digit of 89771?
9
What is the units digit of 60990?
0
What is the units digit of 1563685?
5
What is the hundred thousands digit of 441202?
4
What is the thousands digit of 6953858?
3
What is the units digit of 791969?
9
What is the millions digit of 1562343?
1
What is the thousands digit of 986544?
6
What is the units digit of 2723541?
1
What is the ten thousands digit of 3320996?
2
What is the ten thousands digit of 340840?
4
What is the thousands digit of 835901?
5
What is the hundreds digit of 284374?
3
What is the thousands digit of 208387?
8
What is the units digit of 2298907?
7
What is the thousands digit of 1387043?
7
What is the hundred thousands digit of 9446110?
4
What is the hundreds digit of 56165?
1
What is the tens digit of 245187?
8
What is the hundred thousands digit of 376402?
3
What is the ten millions digit of 10394125?
1
What is the tens digit of 342011?
1
What is the thousands digit of 13900040?
0
What is the units digit of 10407010?
0
What is the thousands digit of 141381?
1
What is the hundreds digit of 3151313?
3
What is the millions digit of 7935316?
7
What is the hundred thousands digit of 120069?
1
What is the hundreds digit of 406908?
9
What is the tens digit of 1061265?
6
What is the millions digit of 2884393?
2
What is the units digit of 237590?
0
What is the hundred thousands digit of 4294017?
2
What is the thousands digit of 865282?
5
What is the thousands digit of 588718?
8
What is the thousands digit of 520132?
0
What is the hundreds digit of 1790950?
9
What is the units digit of 4925213?
3
What is the hundreds digit of 973778?
7
What is the thousands digit of 21978144?
8
What is the ten thousands digit of 3037760?
3
What is the tens digit of 3007949?
4
What is the millions digit of 7217531?
7
What is the tens digit of 314175?
7
What is the ten millions digit of 18288256?
1
What is the hundred thousands digit of 2702214?
7
What is the thousands digit of 5329341?
9
What is the thousands digit of 545428?
5
What is the thousands digit of 21571947?
1
What is the hundred thousands digit of 142423?
1
What is the hundreds digit of 2968669?
6
What is the tens digit of 1516678?
7
What is the tens digit of 376496?
9
What is the hundreds digit of 1451064?
0
What is the millions digit of 14446069?
4
What is the thousands digit of 242147?
2
What is the units digit of 198668?
8
What is the tens digit of 842716?
1
What is the ten thousands digit of 1671265?
7
What is the millions digit of 34886384?
4
What is the hundreds digit of 9093?
0
What is the tens digit of 736194?
9
What is the millions digit of 14893101?
4
What is the units digit of 820282?
2
What is the tens digit of 661688?
8
What is the tens digit of 562175?
7
What is the thousands digit of 2343731?
3
What is the thousands digit of 136692?
6
What is the hundred thousands digit of 5811707?
8
What is the hundreds digit of 2291160?
1
What is the ten thousands digit of 181677?
8
What is the thousands digit of 172366?
2
What is the millions digit of 1603550?
1
What is the ten thousands digit of 23474656?
7
What is the ten thousands digit of 3878889?
7
What is the ten millions digit of 15768754?
1
What is the hundred thousands digit of 15837448?
8
What is the units digit of 29239724?
4
What is the thousands digit of 298842?
8
What is the hundreds digit of 697996?
9
What is the ten thousands digit of 1200467?
0
What is the units digit of 7377475?
5
What is the hundreds digit of 10919368?
3
What is the millions digit of 9795732?
9
What is the tens digit of 36664?
6
What is the ten thousands digit of 521890?
2
What is the hundreds digit of 560382?
3
What is the ten thousands digit of 266597?
6
What is the thousands digit of 5420740?
0
What is the units digit of 237839?
9
What is the tens digit of 333175?
7
What is the ten millions digit of 11736019?
1
What is the hundreds digit of 781588?
5
What is the thousands digit of 1136500?
6
What is the ten thousands digit of 2145497?
4
What is the hundred thousands digit of 215278?
2
What is the tens digit of 541836?
3
What is the hundred thousands digit of 1083392?
0
What is the units digit of 11207419?
9
What is the units digit of 5108510?
0
What is the units digit of 12792360?
0
What is the ten thousands digit of 196884?
9
What is the units digit of 327411?
1
What is the hundred thousands digit of 5186324?
1
What is the tens digit of 883254?
5
What is the tens digit of 3494709?
0
What is the hundreds digit of 743258?
2
What is the millions digit of 19880024?
9
What is the units digit of 359042?
2
What is the hundred thousands digit of 6813417?
8
What is the ten thousands digit of 286130?
8
What is the thousands digit of 11159078?
9
What is the hundreds digit of 7656257?
2
What is the tens digit of 721121?
2
What is the millions digit of 1273389?
1
What is the units digit of 2807805?
5
What is the thousands digit of 222255?
2
What is the ten thousands digit of 3214372?
1
What is the hundreds digit of 150893?
8
What is the thousands digit of 98109?
8
What is the hundred thousands digit of 1959578?
9
What is the hundred thousands digit of 6303683?
3
What is the millions digit of 7556521?
7
What is the hundred thousands digit of 618978?
6
What is the tens digit of 2801239?
3
What is the units digit of 1808558?
8
What is the thousands digit of 269398?
9
What is the units digit of 856063?
3
What is the tens digit of 2516882?
8
What is the ten thousands digit of 223819?
2
What is the hundred thousands digit of 7995385?
9
What is the ten millions digit of 26673194?
2
What is the tens digit of 593105?
0
What is the hundreds digit of 369721?
7
What is the hundred thousands digit of 164111?
1
What is the thousands digit of 1419557?
9
What is the units digit of 29389353?
3
What is the hundred thousands digit of 701142?
7
What is the hundred thousands digit of 8633939?
6
What is the tens digit of 11563421?
2
What is the hundred thousands digit of 5138254?
1
What is the millions digit of 8820152?
8
What is the thousands digit of 5851350?
1
What is the millions digit of 4819204?
4
What is the hundred thousands digit of 20060599?
0
What is the hundred thousands digit of 2294330?
2
What is the hundreds digit of 259655?
6
What is the hundreds digit of 512253?
2
What is the hundreds digit of 320131?
1
What is the thousands digit of 6153524?
3
What is the thousands digit of 543663?
3
What is the hundreds digit of 10239194?
1
What is the units digit of 43177?
7
What is the units digit of 383441?
1
What is the hundreds digit of 1225805?
8
What is the hundred thousands digit of 913841?
9
What is the hundreds digit of 2751044?
0
What is the units digit of 1962128?
8
What is the ten thousands digit of 7740458?
4
What is the ten thousands digit of 2996245?
9
What is the hundred thousands digit of 826747?
8
What is the tens digit of 134929?
2
What is the ten thousands digit of 191365?
9
What is the ten thousands digit of 105026?
0
What is the thousands digit of 39375?
9
What is the units digit of 282786?
6
What is the tens digit of 307171?
7
What is the thousands digit of 1948702?
8
What is the hundreds digit of 250538?
5
What is the ten thousands digit of 7221203?
2
What is the hundreds digit of 188546?
5
What is the hundred thousands digit of 3651325?
6
What is the hundred thousands digit of 404891?
4
What is the units digit of 117550?
0
What is the tens digit of 490453?
5
What is the ten thousands digit of 556951?
5
What is the ten thousands digit of 2657226?
5
What is the thousands digit of 29716362?
6
What is the tens digit of 116804?
0
What is the units digit of 14449956?
6
What is the units digit of 4574171?
1
What is the te